t s = 134 - -9. Calculate the remainder when s is divided by 36.
35
Suppose -111 = -5*s + m, 4*m = -s + 2*m + 20. What is the remainder when s is divided by 12?
10
Let b = -11 + 19. Let l(d) = d - 2. What is the remainder when b is divided by l(5)?
2
Let x(m) = 2*m**3 + 9*m**2 - 3*m + 9. Calculate the remainder when x(4) is divided by 16.
13
Let b(g) = 7*g**3 - g**2 + g - 1. Let x(r) = r**3 - 2*r**2 + r - 1. Let j be x(2). Suppose -5*z + 59 = -21. What is the remainder when z is divided by b(j)?
4
Suppose -5*m + 76 = -4*m. What is the remainder when m is divided by 26?
24
Let z(b) = -b + 5. Let v = 68 + -33. Calculate the remainder when v is divided by z(-7).
11
Suppose j = -0*j + 28. Suppose 16 + 5 = -3*r. Let t(k) = -2*k + 1. What is the remainder when j is divided by t(r)?
13
Let o(b) = -b**3 + 2*b**2 + 10. Calculate the remainder when 4 is divided by o(3).
0
Calculate the remainder when (-804)/9*(3/2 - 3) is divided by 45.
44
Let o = -9 + 37. What is the remainder when o is divided by 15?
13
Let g(h) = -h**2 - 3*h + 5. Let d = 6 - 10. Let v be g(d). Suppose -11 - v = -2*p. What is the remainder when 21 is divided by p?
3
Let w(z) = -z + 16. Let s = -79 - -145. Suppose 3*c - 14 = -l, -3*c = -3*l - 0*l + s. Calculate the remainder when l is divided by w(9).
6
Let n be ((-2)/3)/(6/(-9)). Suppose -y + n + 1 = 0. Calculate the remainder when ((-15)/y)/((-3)/4) is divided by 6.
4
Suppose -2*o - 180 = -4*x, -x + 2*x - 59 = 4*o. Suppose 4*v = 107 + 17. Let p = x - v. Calculate the remainder when p is divided by 7.
5
Let t = 33 - 0. Calculate the remainder when t is divided by (18/(-10))/(3/(-30)).
15
Suppose 0*k = -4*k + 2*r + 52, 4*r = -16. Let p be (-26 - -1)*-1*1. Let t = p - k. What is the remainder when t is divided by 8?
6
Calculate the remainder when (-2064)/(-45) + (-4)/(-30) is divided by 10.
6
Let q = -4 + -2. Let n = 13 + q. Let k = -9 - -21. What is the remainder when k is divided by n?
5
Suppose 2*k + 3*v + 25 = -2*k, -4*v = -5*k - 8. Let r = -5 - k. Calculate the remainder when (-339)/(-12) - r/(-4) is divided by 10.
8
Suppose p + 68 = 2*p - 2*z, 0 = -4*p + 4*z + 288. Suppose 4*d - p = -16. What is the remainder when 43 is divided by d?
13
Let u = -61 - -117. Calculate the remainder when u is divided by 19.
18
Suppose 4*n + v - 11 = 0, 0*n = -n - 4*v + 14. What is the remainder when -3*n*-5 - 0 is divided by 11?
8
Calculate the remainder when 55 is divided by 2/(-14) + (-170)/(-14).
7
Let u(g) = -g**3 + 6*g**2 - 5*g - 2. Calculate the remainder when 48 is divided by u(4).
8
Calculate the remainder when 2/((-44)/(-2350)) + 12/66 is divided by 18.
17
Let p = 24 - 13. What is the remainder when 45/10*40/6 is divided by p?
8
What is the remainder when 11 + (-4)/((-4)/(-3)) is divided by 14/4 - 2/4?
2
What is the remainder when (-195)/(-9) - 4/6 is divided by 15?
6
Suppose 4*v - 67 = 57. What is the remainder when v is divided by ((-11)/(-2))/(2/4)?
9
Let x(l) = -l**3 + 11*l**2 - 4*l + 6. Let d be x(9). Let r = d - 77. What is the remainder when r is divided by 19?
17
Suppose 5*t = 3*t + 10. Let g(m) = -18*m. Calculate the remainder when g(-1) is divided by t.
3
Let p = 17 + -13. Calculate the remainder when 9 is divided by p.
1
Suppose -6 = 2*o + 18. Calculate the remainder when (0 - -32) + (-12)/o is divided by 12.
9
Suppose 0 = -2*s + 6, s + 21 = 2*q - 22. Calculate the remainder when q is divided by 13.
10
Let z be -1 - 75/(2 + -5). Let t = -5 + z. Calculate the remainder when t is divided by 7.
5
Let h(w) = -w**3 - 8*w**2 + 5*w - 4. Calculate the remainder when h(-10) is divided by 37.
35
Let k(z) = -z**2 + 13*z + 2. What is the remainder when 68 is divided by k(12)?
12
Suppose 4*q = 8*q - 336. What is the remainder when q is divided by 11?
7
What is the remainder when 31 is divided by (-1 - -1)/1 - -8?
7
Let m = 1 - -3. Suppose 0 = b + m*v - 171, b + 3*v = 88 + 81. Suppose -3*h = -n - 89, 0*h - 5*h = 2*n - b. What is the remainder when h is divided by 11?
9
Let h = 1 - -1. Suppose h = -3*k + 134. What is the remainder when k is divided by ((-6)/(-4))/((-2)/(-20))?
14
Suppose -6*s + s + 28 = 2*f, 3*f - 88 = 4*s. Suppose 40 = 3*v + 7. Suppose 1 - v = -2*d + 5*j, -3*d + f = -3*j. What is the remainder when d is divided by 6?
4
Suppose -5*o - 2*v = -7*v - 135, 4*v = 4. Suppose -2*y + o = -2*k, -y - 2*k = 3*y - 56. Calculate the remainder when 40 is divided by y.
12
Suppose -5*l + 0*c = -3*c - 137, -5*l + 121 = c. Suppose 5*s + 5 = 10. Let v = l + s. What is the remainder when 50 is divided by v?
24
Suppose 5*w = -25, w = -2*b - 2*w + 71. What is the remainder when b is divided by 15?
13
Let q(g) = g**2 - 14*g - 8. Let x be q(11). What is the remainder when (x - -1)*(-26)/65 is divided by 9?
7
Let v be (-1)/(-2*2/8). Let b = -1 + v. Calculate the remainder when b is divided by 1.
0
Suppose -14*i + 90 = -11*i. What is the remainder when i is divided by 8?
6
Suppose 3*b - 21 = 4*x, 0 = -5*x + x - 5*b - 29. Calculate the remainder when 44 is divided by (-2 - -5)/(x/(-46)).
21
Suppose -4*u = -27 - 185. Calculate the remainder when u is divided by 27.
26
Let j(t) = -20*t**3 - t**2 + 1. What is the remainder when 75 is divided by j(-1)?
15
Let g(m) = m - 2. Let u be g(6). Let w(b) = b + u - 3 + 4*b. What is the remainder when 10 is divided by w(1)?
4
Let f(q) = 3*q**3 - 2*q**2 + 2*q + 2. Calculate the remainder when 152 is divided by f(2).
20
Suppose -3*v - 26 = -2*q - 2*v, 4*v = 3*q - 39. What is the remainder when q is divided by 5?
3
Suppose 0 = 5*w - 2*i + 339, -2*w - 3*w - i - 348 = 0. Let g = -49 - w. What is the remainder when g is divided by 11?
9
Let i(y) = y + 7. Let c be i(-10). Let t = 10 + c. What is the remainder when (1 + (-2)/4)*38 is divided by t?
5
Suppose -7*w + 3*w + 28 = 0. Suppose -5*c - 3*u + 104 = -c, -4*c + u = -104. What is the remainder when c is divided by w?
5
Let a = -2 + 18. Calculate the remainder when 45 is divided by a.
13
What is the remainder when 214 is divided by 0 - (-7 - (-16)/4)*9?
25
Suppose 6*q - q - 135 = 3*p, 5*p - 108 = -4*q. Calculate the remainder when q is divided by 15.
12
Let f(l) be the third derivative of l**5/60 + l**3/6 - 4*l**2. Suppose -2*r + 5*g + 25 = -3, 3*r = 4*g + 28. What is the remainder when r is divided by f(-1)?
0
Calculate the remainder when (4 - 2) + (28 - 6) is divided by 9.
6
Suppose -2*n + 0 = -5*g + 56, n - 2 = 0. Let f(a) = -a**3 + 5*a**2 - 3*a + 1. Let p be f(4). Calculate the remainder when (138/(2 - p))/(-2) is divided by g.
11
Suppose 14 - 6 = 2*q. Suppose -q*i - 33 = -77. What is the remainder when 31 is divided by i?
9
Suppose -18 = 4*a - 5*a + 3*y, 0 = 5*a - 2*y - 64. Calculate the remainder when a is divided by 8.
4
Suppose -4*l = -16, 4*b + 2*l - 44 - 16 = 0. Let q(w) = w - 2. Suppose -p - 127 = i - 5*i, 3*p + 164 = 5*i. Calculate the remainder when i is divided by q(b).
9
Let y be 3*6/(-2)*1. Let z be y/(-3) + -1 - -1. Suppose -12 = -g - z*g. What is the remainder when 4 is divided by g?
1
Let y = 63 - 18. Let i = y + -19. Suppose 5*x + 3*j - i = 1, -5*j = 5*x - 25. What is the remainder when 17 is divided by x?
5
Let z = 4 - -32. Let h = z - 20. Suppose -37*l + 138 = -34*l. Calculate the remainder when l is divided by h.
14
Suppose -2*o + 0*o - 136 = -2*x, 4*x = -5*o + 299. Calculate the remainder when x is divided by 38.
33
Let o = 12 - 30. Let q = o + 37. Calculate the remainder when q is divided by 5.
4
Suppose -7*i - 5*c - 100 = -12*i, -i - 2*c + 14 = 0. Calculate the remainder when i is divided by 13.
5
Let h = 173 - 86. Let g = h + -55. Calculate the remainder when g is divided by 17.
15
Suppose 0 = -3*u + u. Let x = u + 2. Calculate the remainder when 10/4 - 9/(-6) is divided by x.
0
Suppose 0 = -13*j + 6*j + 63. What is the remainder when 31 is divided by j?
4
Suppose -17 - 1 = -3*f. What is the remainder when 10 is divided by f?
4
Let v be 2/(-6) + 2/6. Suppose v*x + 2*x = 454. Suppose -4*h = 27 - x. Calculate the remainder when h is divided by 17.
16
Suppose -2*r + 240 = -7*r. Let a = r - -70. Calculate the remainder when 64 is divided by a.
20
Suppose 0 = 2*k - 4*c - 256, -2*k + 3*k - c = 131. Calculate the remainder when k is divided by 45.
44
Suppose z = -3*q + 3, 3*z - 4*q - 3 = 6. Let l(h) be the first derivative of -h**4/4 + h**3 + h**2 - 